?
True
Let b = -44258 + 97601. Is b a multiple of 29?
False
Let t(j) = -16*j - 2. Let l be -1 - 12/(-15) - (-11)/5. Suppose -2*q - 5 = -3*p, -5*q - l*p = -3*p + 19. Is 31 a factor of t(q)?
True
Let p = 2902 - -812. Does 9 divide p?
False
Suppose -5*t = -i - 337, -410 + 1673 = -4*i + 3*t. Let f = i - -447. Is 9 a factor of f?
True
Let t(s) = -s**3 + 2*s**2 - s. Let a(c) = -c**3 - 16*c**2 + 15*c + 10. Let r(q) = -a(q) + 2*t(q). Let y = 29 + -10. Is r(y) a multiple of 4?
True
Suppose 4*w - 25*s + 276 = -22*s, 0 = 4*s - 16. Let r = w + 166. Is r a multiple of 25?
True
Let r(a) = -6*a**2 - 83*a**3 - 23 + 8*a + 43*a**3 + 41*a**3 + 7*a - 2*a. Let i be (-1)/((-8)/7 + 1). Does 13 divide r(i)?
True
Suppose 16*t - 8 - 22 = 2. Let k(b) = -135*b - 2. Let m be k(-6). Is (-3)/((-12)/m)*t/4 a multiple of 8?
False
Let f(o) = -41*o - 8. Let k be f(-6). Let i be ((-129)/(7095/(-110)))/((-2)/(-4)*1). Suppose 0 = -3*w + 2*c + k, 2*c - c - 299 = -i*w. Is w a multiple of 3?
False
Let r(v) = 766*v - 382. Is r(4) a multiple of 6?
True
Suppose 3*k + 2*o = 24756, 0 = 2*k - 5*o - 15232 - 1253. Is k a multiple of 125?
True
Let r(i) be the third derivative of 0*i + 0 + 2/15*i**5 - 8/3*i**3 - 1/120*i**6 + 7/12*i**4 + 13*i**2. Does 22 divide r(9)?
False
Let c(a) = 3*a**2 - 6*a + 9. Let x be c(4). Suppose x*n + 364 = 29*n. Let s = -55 - n. Is s a multiple of 12?
True
Let s be 14/2 - 3 - -73. Let g = -46 + s. Suppose 0 = -g*w + 30*w + 180. Does 27 divide w?
False
Suppose -87*q + 24468 + 119612 = 27065. Is q a multiple of 10?
False
Suppose -45 = 3*d - 8*d. Let w(l) = l + 281*l**2 - l**3 - l - 5 - l - 270*l**2. Does 22 divide w(d)?
False
Let j(v) = -8*v**3 + 8*v**2 + 14. Let w(s) = 7*s + 1. Let a be w(-1). Let r(b) = -15*b**3 + 16*b**2 + 28. Let p(x) = a*r(x) + 11*j(x). Is 26 a factor of p(6)?
True
Suppose 151*d - 155*d + 732 = 0. Let y = d - 108. Is 11 a factor of y?
False
Suppose -1340 = -3*q - 7*q. Let z be -1*208/2 - (0 - 4). Let r = q + z. Is 3 a factor of r?
False
Let s(l) = 21*l**2 - 177*l + 2790. Is 142 a factor of s(53)?
True
Let i = -8645 - -10817. Is 6 a factor of i?
True
Let l(s) be the first derivative of -s**4/4 - 17*s**3/3 + s**2/2 + 19*s - 7. Let u be l(-17). Suppose -u*o + 4*o - 128 = 0. Does 16 divide o?
True
Let p be (9/18)/((-2)/(-4)) - 1. Suppose p = 10*g - 36 - 34. Suppose 3*w - 118 + g = 0. Does 4 divide w?
False
Let s(o) = 43*o + 1373. Is s(-11) a multiple of 15?
True
Let k(w) = 3*w**3 + w**2 - 3*w - 3. Let u be k(-1). Does 5 divide u - (2 - 92/2)?
False
Is 20 a factor of 11 + (-1225)/105 - 15422/(-3)?
True
Let j = 81 + -43. Suppose 0 = j*h - 44*h + 984. Is h a multiple of 68?
False
Let d be ((9 - 1) + -11)*(-8)/6. Let c(x) = 21*x**2 + x - 10. Is c(d) a multiple of 15?
True
Let w(z) = -z**2 + 11*z - 12. Let f be w(5). Let l(b) = 7 + 9 - 16*b + f + 14*b. Is 3 a factor of l(14)?
True
Let l be 0/((-55)/15 + 4/6). Suppose l = -2*a + 4 - 8. Is 7 a factor of 2*((-51)/a + (-4)/4)?
True
Let d(r) = 24*r + 91. Let c(v) = -24*v - 90. Let m(g) = 5*c(g) + 4*d(g). Does 26 divide m(-9)?
True
Is 10 a factor of 27454/1369 + (-4)/74?
True
Suppose 0 = 4*z + 3*c - 13360, 3*z + 9*c = 11*c + 10003. Is 10 a factor of z?
False
Suppose -3*q = g - 2 - 0, -4*q = 3*g + 4. Suppose -63 = q*n - 4*f + 145, 3*n = -4*f - 322. Let c = n + 221. Is 23 a factor of c?
True
Let q = -5133 - -8691. Does 38 divide q?
False
Let u(c) = -3*c + 11. Let f be u(2). Suppose t = f*t + 68. Let h(i) = -i**3 - 15*i**2 + 32*i + 7. Is 18 a factor of h(t)?
False
Let g = -111 + 103. Let a(l) = -23*l - 63. Is a(g) a multiple of 2?
False
Let f = -7307 + 18799. Is 13 a factor of f?
True
Let u = -66 + 77. Suppose 75 = 4*d + u*d. Suppose -738 = -d*f + 112. Does 17 divide f?
True
Let w(b) = -3028*b + 585. Does 21 divide w(-6)?
True
Let h(t) = -t**3 - 15*t**2 + 69*t - 11. Let d be h(-20). Suppose -4*p + 302 = y, -p - d = -4*y + 667. Is y a multiple of 13?
False
Let w(n) = n**2 + 19*n + 8. Let d(s) = -s**3 - 8*s**2 - 10*s - 8. Let h be d(-6). Let t be w(h). Suppose -7 = -z - q + t, 0 = 5*z - 5*q - 225. Does 4 divide z?
True
Suppose -5*i + i - 2*o = 2378, -i + 4*o = 581. Let s = i + 885. Is s a multiple of 7?
False
Let y(h) = h**2 - h - 3. Let f be 3/(-5) - (-54)/15. Let z be y(f). Let v(t) = 26*t + 4. Is v(z) a multiple of 18?
False
Let t = -383 + 8833. Is 13 a factor of t?
True
Let x(z) = 5*z**2 - 56*z + 15. Let j be x(11). Suppose -2*t = 4*m - 442, -519 + 109 = -2*t + j*m. Is t a multiple of 72?
False
Let c(x) = 40 + 14*x**3 + 31*x**2 - 5*x**3 + 6*x + 4*x - 10*x**3. Is c(31) a multiple of 35?
True
Suppose 5*c - 1406 = -2*n, 2*n - 4*n = -3*c + 850. Suppose -3*w - k = 2*w + c, -5*w - 279 = 2*k. Is (w + 1)/((11 + -8)/(-3)) a multiple of 7?
True
Suppose 22150 = -20*d - 10570. Let a = 2486 + d. Does 17 divide a?
True
Let l(j) = 196*j**2 - 54*j + 109*j - 8 - 59*j. Does 12 divide l(2)?
True
Let o = -12 - -17. Suppose 0 = -25*b + 23*b + t + 7, -5 = -2*b - t. Suppose b*n - o*n + 230 = 0. Is 12 a factor of n?
False
Let m(z) be the third derivative of z**5/60 - z**4/12 - 7*z**3/2 - 69*z**2. Does 9 divide m(-9)?
False
Suppose 0*s + 5*z = -2*s + 85, -139 = -3*s + 4*z. Suppose -t + 6*t + s = 0. Is (-8 - t)/((-2)/(-78)) a multiple of 13?
True
Suppose w - 5*p + 9 = 0, 3*p - 7*p + 18 = w. Let x be (24/15)/(0 - w/(-15)). Suppose -84 = -3*m + x*y, 2*m + 6 - 62 = 4*y. Does 6 divide m?
False
Does 105 divide 433645/35 + 68/(-1190) + 1/5?
True
Let b(x) = 3*x**3 - 4*x**2 + 15*x - 6. Let c be b(5). Suppose -5*t + 344 = 4*o, 6*o - 5*t - c = 2*o. Is 4 a factor of o?
False
Let h = 0 - 1. Let n(g) = 2*g**2 + 2 - 76*g**3 + 3*g + 40*g**3 - 52*g**3 - 30*g**3. Is n(h) a multiple of 17?
True
Let i be -4*(-12)/(-32)*-6. Suppose 949 = 5*t + i. Is 13 a factor of t?
False
Let b(q) = -q**3 - 4*q + 3. Let z be b(2). Let j = z + 32. Is 4 a factor of j?
False
Suppose t + 20*p - 2950 = 21*p, -4*t = 3*p - 11758. Does 58 divide t?
False
Let p be (-1 + 5)*(-11)/(-4). Let q = 15 - p. Suppose -5*x + 3*h + 435 = 0, -2*x - 110 = -3*x - q*h. Is x a multiple of 18?
True
Let f(m) = -5*m - 18. Let w be (1/(-3) + 8/24)/2. Suppose 0 = 4*y - 5*z + 37, w = y + 2*y - 4*z + 27. Is 10 a factor of f(y)?
False
Let k(z) = -24*z + 77. Let c be k(12). Is c/(-4) + -2 + (-95)/(-76) a multiple of 4?
True
Suppose -n - 372 = 3*n. Let j = -96 - n. Is 3 a factor of j/(12/(-150)*(-15)/(-4))?
False
Let i = -1184 - -756. Is (-8)/(2576/i + 5 + 1) a multiple of 38?
False
Let q = 282 - 279. Suppose g - 1945 = -5*b, 767 = q*b + 4*g - 383. Is b a multiple of 13?
True
Let l be (2 - 0*1/(-5)) + 11. Suppose -l*f + 940 + 2102 = 0. Is 26 a factor of f?
True
Let k(l) = -9*l + 6. Let g be k(7). Let a be ((-54)/63)/(1 - g/(-56)). Let n = a + 21. Is n a multiple of 14?
False
Let h(l) = 5*l**2 + 16*l - 7. Let y be h(-5). Suppose -18*n + y*n = 9520. Is n a multiple of 17?
True
Let i(g) = -g**3 + 3*g**2 - 2*g + 3. Let h be i(2). Suppose 3*x = 4*z - 1220, -26*z - 5*x = -21*z - 1525. Suppose z = 2*f + h*f. Does 23 divide f?
False
Let k(x) = -6*x**2 - 134*x + 538. Let v(t) = t**2 + 27*t - 108. Let r(d) = 2*k(d) + 11*v(d). Is 3 a factor of r(5)?
False
Let v = 738 - 355. Let g = -158 + v. Is 15 a factor of g?
True
Suppose 0*a = a, 2*a - 20 = -5*b. Suppose -190 = -b*c + 66. Is c a multiple of 15?
False
Suppose -2*u + 3012 = y - 210, 5*y = -u + 16119. Is 13 a factor of y?
True
Let b = -191 - -322. Does 9 divide b + 2 + 0 + -4 + -1?
False
Does 190 divide 1/(-4) + ((-14514)/(-8) - 11)?
False
Let s(t) = 6*t**2 + 23*t + 5. Let d be s(-12). Let m = 1352 - d. Does 69 divide m?
True
Let a(i) = -3*i**2 - i + 10. Let j be a(-5). Does 3 divide (-1038)/(-8) - j/(-80)?
True
Let n be -1 - (20 + -124 + (-2)/(-1)). Suppose a = -5*r + n - 6, -5 = r + 5*a. Does 4 divide r?
True
Let j = -33 + 29. Let o be 485/5 - j/(-2). Suppose 4*w = 33 + o. Is w a multiple of 5?
False
Let j(f) = -46*f**3 - 28*f**2 + 6*f - 19. Is j(-7) a multiple of 19?
True
Let x = 101 - 92. Is (-14608)/(-24) - (6/x + 0) a multiple of 20?
False
Suppose 2*h + 54 = -0*h + 3*u, -5*h - 135 = -u. Is 20 a factor of ((-6)/h*-3)/(17/(-6732))?
False
Let y be -3 + -1 + 1 + 2. Let k = 1608 + -1600. Is (y - -2 - 211)/(7 - k) a multiple of 30?
True
Let k be ((-20)/(-8) + -1)/(15/40). Suppose 0 = 5*b - 4*y - 1762, k*y + 756 = 3*b - 306. Does 50 divide b?
True
Let j(w) = -6*